{"id":1638,"date":"2022-09-30T16:19:05","date_gmt":"2022-09-30T16:19:05","guid":{"rendered":"https:\/\/amvrelia.gr\/?page_id=1638"},"modified":"2022-10-06T08:11:59","modified_gmt":"2022-10-06T08:11:59","slug":"notre-nom","status":"publish","type":"page","link":"https:\/\/amvrelia.gr\/fr\/notre-nom\/","title":{"rendered":"Notre Nom"},"content":{"rendered":"<!--themify_builder_content-->\n<div id=\"themify_builder_content-1638\" data-postid=\"1638\" class=\"themify_builder_content themify_builder_content-1638 themify_builder tf_clear\">\n                    <div  data-lazy=\"1\" class=\"module_row themify_builder_row tb_t8at450 tb_first tf_w\">\n                        <div class=\"row_inner gutter-narrow col_align_top tb_col_count_2 tf_box tf_rel\">\n                        <div  data-lazy=\"1\" class=\"module_column tb-column col4-2 tb_1cyh451 first\">\n                    <!-- module text -->\n<div  class=\"module module-text tb_khnu451   \" data-lazy=\"1\">\n        <div  class=\"tb_text_wrap\">\n        <p>Le temps s\u2019 \u00e9coule en lassant ses traces \u00e0 son lieu. Le temps est toujours li\u00e9 avec les personnes qui ont v\u00e9cu dans le pass\u00e9, qui y ont travaill\u00e9 et qui y logent aujourd\u2019 hui, mais qui continuent \u00e0 vivre et pour ce lieu et pour labourer \u00e0 l\u2019 avenir.<br>Le choix du nom AMVRELIA pour nos produits n\u2019 a pas lieu au hasard.<br>Issus d\u2019 une belle ville, Arta, qui a \u00e9t\u00e9 fond\u00e9e sur l\u2019 ancienne ville Amvrakia, nous avons decid\u00e9 de baser le nom de nos produits sur une tr\u00e8s grande parte de l\u2019 histoire de notre patrie.<br>Amvrakia pendant l\u2019 antiquit\u00e9 \u00e9tait une des villes les plus importantes. Elle \u00e9tait battue \u00e0 c\u00f4t\u00e9 de la rivi\u00e8re Arachthos \u00e0 la m\u00eame place d\u2019 Arta. C\u2019 \u00e9tait la plus importante colonie du peuple de Korinthos au Nord Ouest de la Gr\u00e8ce. Le nom Amvrakia est d\u00fb selon la mythologie \u00e0 Amvraka, fils de Thesprotos ou \u00e0 Amvrakia, fille de Melaneas, roi des Driopos.<\/p>    <\/div>\n<\/div>\n<!-- \/module text -->        <\/div>\n                    <div  data-lazy=\"1\" class=\"module_column tb-column col4-2 tb_b2m9452 last\">\n                    <!-- module image -->\n<div  class=\"module module-image tb_adbh453 image-top   tf_mw\" data-lazy=\"1\">\n        <div class=\"image-wrap tf_rel tf_mw\">\n            <img loading=\"lazy\" decoding=\"async\" width=\"1280\" height=\"1280\" src=\"https:\/\/amvrelia.gr\/wp-content\/uploads\/2022\/09\/47bec3bb-0685-4a30-a62c-227bc3ef24f5.jpeg\" class=\"wp-post-image wp-image-929\" title=\"47bec3bb-0685-4a30-a62c-227bc3ef24f5\" alt=\"47bec3bb-0685-4a30-a62c-227bc3ef24f5\" srcset=\"https:\/\/amvrelia.gr\/wp-content\/uploads\/2022\/09\/47bec3bb-0685-4a30-a62c-227bc3ef24f5.jpeg 1280w, https:\/\/amvrelia.gr\/wp-content\/uploads\/2022\/09\/47bec3bb-0685-4a30-a62c-227bc3ef24f5-300x300.jpeg 300w, https:\/\/amvrelia.gr\/wp-content\/uploads\/2022\/09\/47bec3bb-0685-4a30-a62c-227bc3ef24f5-1024x1024.jpeg 1024w, https:\/\/amvrelia.gr\/wp-content\/uploads\/2022\/09\/47bec3bb-0685-4a30-a62c-227bc3ef24f5-150x150.jpeg 150w, https:\/\/amvrelia.gr\/wp-content\/uploads\/2022\/09\/47bec3bb-0685-4a30-a62c-227bc3ef24f5-768x768.jpeg 768w\" sizes=\"auto, (max-width: 1280px) 100vw, 1280px\" \/>    \n        <\/div>\n    <!-- \/image-wrap -->\n    \n        <\/div>\n<!-- \/module image -->        <\/div>\n                        <\/div>\n        <\/div>\n                        <div  data-lazy=\"1\" class=\"module_row themify_builder_row tb_aquf450 tf_w\">\n                        <div class=\"row_inner col_align_top tb_col_count_1 tf_box tf_rel\">\n                        <div  data-lazy=\"1\" class=\"module_column tb-column col-full tb_8hcn453 first\">\n                    <!-- module image -->\n<div  class=\"module module-image tb_q1tq454 image-top   tf_mw\" data-lazy=\"1\">\n        <div class=\"image-wrap tf_rel tf_mw\">\n            <img loading=\"lazy\" decoding=\"async\" width=\"10424\" height=\"240\" src=\"https:\/\/amvrelia.gr\/wp-content\/uploads\/2022\/09\/grammi.png\" class=\"wp-post-image wp-image-884\" title=\"grammi\" alt=\"grammi\" srcset=\"https:\/\/amvrelia.gr\/wp-content\/uploads\/2022\/09\/grammi.png 10424w, https:\/\/amvrelia.gr\/wp-content\/uploads\/2022\/09\/grammi-300x7.png 300w, https:\/\/amvrelia.gr\/wp-content\/uploads\/2022\/09\/grammi-1024x24.png 1024w, https:\/\/amvrelia.gr\/wp-content\/uploads\/2022\/09\/grammi-768x18.png 768w, https:\/\/amvrelia.gr\/wp-content\/uploads\/2022\/09\/grammi-1536x35.png 1536w, https:\/\/amvrelia.gr\/wp-content\/uploads\/2022\/09\/grammi-2048x47.png 2048w\" sizes=\"auto, (max-width: 10424px) 100vw, 10424px\" \/>    \n        <\/div>\n    <!-- \/image-wrap -->\n    \n        <\/div>\n<!-- \/module image -->        <\/div>\n                        <\/div>\n        <\/div>\n                        <div  data-css_id=\"h8jj450\" data-lazy=\"1\" class=\"module_row themify_builder_row fullwidth tb_h8jj450 tf_w\">\n                        <div class=\"row_inner col_align_top tb_col_count_1 tf_box tf_rel\">\n                        <div  data-lazy=\"1\" class=\"module_column tb-column col-full tb_u9fe454 first\">\n                            <\/div>\n                        <\/div>\n        <\/div>\n        <\/div>\n<!--\/themify_builder_content-->","protected":false},"excerpt":{"rendered":"<p>Le temps s\u2019 \u00e9coule en lassant ses traces \u00e0 son lieu. Le temps est toujours li\u00e9 avec les personnes qui ont v\u00e9cu dans le pass\u00e9, qui y ont travaill\u00e9 et qui y logent aujourd\u2019 hui, mais qui continuent \u00e0 vivre et pour ce lieu et pour labourer \u00e0 l\u2019 avenir.Le choix du nom AMVRELIA pour [&hellip;]<\/p>\n","protected":false},"author":2,"featured_media":0,"parent":0,"menu_order":0,"comment_status":"closed","ping_status":"closed","template":"","meta":{"_seopress_robots_primary_cat":"","_seopress_titles_title":"","_seopress_titles_desc":"","_seopress_robots_index":"","footnotes":""},"class_list":["post-1638","page","type-page","status-publish","hentry","has-post-title","has-post-date","has-post-category","has-post-tag","has-post-comment","has-post-author",""],"builder_content":"<p>Le temps s\u2019 \u00e9coule en lassant ses traces \u00e0 son lieu. Le temps est toujours li\u00e9 avec les personnes qui ont v\u00e9cu dans le pass\u00e9, qui y ont travaill\u00e9 et qui y logent aujourd\u2019 hui, mais qui continuent \u00e0 vivre et pour ce lieu et pour labourer \u00e0 l\u2019 avenir.<br>Le choix du nom AMVRELIA pour nos produits n\u2019 a pas lieu au hasard.<br>Issus d\u2019 une belle ville, Arta, qui a \u00e9t\u00e9 fond\u00e9e sur l\u2019 ancienne ville Amvrakia, nous avons decid\u00e9 de baser le nom de nos produits sur une tr\u00e8s grande parte de l\u2019 histoire de notre patrie.<br>Amvrakia pendant l\u2019 antiquit\u00e9 \u00e9tait une des villes les plus importantes. Elle \u00e9tait battue \u00e0 c\u00f4t\u00e9 de la rivi\u00e8re Arachthos \u00e0 la m\u00eame place d\u2019 Arta. C\u2019 \u00e9tait la plus importante colonie du peuple de Korinthos au Nord Ouest de la Gr\u00e8ce. Le nom Amvrakia est d\u00fb selon la mythologie \u00e0 Amvraka, fils de Thesprotos ou \u00e0 Amvrakia, fille de Melaneas, roi des Driopos.<\/p>\n<img src=\"https:\/\/amvrelia.gr\/wp-content\/uploads\/2022\/09\/47bec3bb-0685-4a30-a62c-227bc3ef24f5.jpeg\" title=\"47bec3bb-0685-4a30-a62c-227bc3ef24f5\" alt=\"47bec3bb-0685-4a30-a62c-227bc3ef24f5\" srcset=\"https:\/\/amvrelia.gr\/wp-content\/uploads\/2022\/09\/47bec3bb-0685-4a30-a62c-227bc3ef24f5.jpeg 1280w, https:\/\/amvrelia.gr\/wp-content\/uploads\/2022\/09\/47bec3bb-0685-4a30-a62c-227bc3ef24f5-300x300.jpeg 300w, https:\/\/amvrelia.gr\/wp-content\/uploads\/2022\/09\/47bec3bb-0685-4a30-a62c-227bc3ef24f5-1024x1024.jpeg 1024w, https:\/\/amvrelia.gr\/wp-content\/uploads\/2022\/09\/47bec3bb-0685-4a30-a62c-227bc3ef24f5-150x150.jpeg 150w, https:\/\/amvrelia.gr\/wp-content\/uploads\/2022\/09\/47bec3bb-0685-4a30-a62c-227bc3ef24f5-768x768.jpeg 768w\" sizes=\"(max-width: 1280px) 100vw, 1280px\" \/>\n<img src=\"https:\/\/amvrelia.gr\/wp-content\/uploads\/2022\/09\/grammi.png\" title=\"grammi\" alt=\"grammi\" srcset=\"https:\/\/amvrelia.gr\/wp-content\/uploads\/2022\/09\/grammi.png 10424w, https:\/\/amvrelia.gr\/wp-content\/uploads\/2022\/09\/grammi-300x7.png 300w, https:\/\/amvrelia.gr\/wp-content\/uploads\/2022\/09\/grammi-1024x24.png 1024w, https:\/\/amvrelia.gr\/wp-content\/uploads\/2022\/09\/grammi-768x18.png 768w, https:\/\/amvrelia.gr\/wp-content\/uploads\/2022\/09\/grammi-1536x35.png 1536w, https:\/\/amvrelia.gr\/wp-content\/uploads\/2022\/09\/grammi-2048x47.png 2048w\" sizes=\"(max-width: 10424px) 100vw, 10424px\" \/>","_links":{"self":[{"href":"https:\/\/amvrelia.gr\/fr\/wp-json\/wp\/v2\/pages\/1638","targetHints":{"allow":["GET"]}}],"collection":[{"href":"https:\/\/amvrelia.gr\/fr\/wp-json\/wp\/v2\/pages"}],"about":[{"href":"https:\/\/amvrelia.gr\/fr\/wp-json\/wp\/v2\/types\/page"}],"author":[{"embeddable":true,"href":"https:\/\/amvrelia.gr\/fr\/wp-json\/wp\/v2\/users\/2"}],"replies":[{"embeddable":true,"href":"https:\/\/amvrelia.gr\/fr\/wp-json\/wp\/v2\/comments?post=1638"}],"version-history":[{"count":4,"href":"https:\/\/amvrelia.gr\/fr\/wp-json\/wp\/v2\/pages\/1638\/revisions"}],"predecessor-version":[{"id":1643,"href":"https:\/\/amvrelia.gr\/fr\/wp-json\/wp\/v2\/pages\/1638\/revisions\/1643"}],"wp:attachment":[{"href":"https:\/\/amvrelia.gr\/fr\/wp-json\/wp\/v2\/media?parent=1638"}],"curies":[{"name":"wp","href":"https:\/\/api.w.org\/{rel}","templated":true}]}}

<!--themify_builder_content-->
<div id="themify_builder_content-1638" data-postid="1638" class="themify_builder_content themify_builder_content-1638 themify_builder tf_clear">
                    <div  data-lazy="1" class="module_row themify_builder_row tb_t8at450 tb_first tf_w">
                        <div class="row_inner gutter-narrow col_align_top tb_col_count_2 tf_box tf_rel">
                        <div  data-lazy="1" class="module_column tb-column col4-2 tb_1cyh451 first">
                    <!-- module text -->
<div  class="module module-text tb_khnu451   " data-lazy="1">
        <div  class="tb_text_wrap">
        <p>Le temps s’ écoule en lassant ses traces à son lieu. Le temps est toujours lié avec les personnes qui ont vécu dans le passé, qui y ont travaillé et qui y logent aujourd’ hui, mais qui continuent à vivre et pour ce lieu et pour labourer à l’ avenir.<br>Le choix du nom AMVRELIA pour nos produits n’ a pas lieu au hasard.<br>Issus d’ une belle ville, Arta, qui a été fondée sur l’ ancienne ville Amvrakia, nous avons decidé de baser le nom de nos produits sur une très grande parte de l’ histoire de notre patrie.<br>Amvrakia pendant l’ antiquité était une des villes les plus importantes. Elle était battue à côté de la rivière Arachthos à la même place d’ Arta. C’ était la plus importante colonie du peuple de Korinthos au Nord Ouest de la Grèce. Le nom Amvrakia est dû selon la mythologie à Amvraka, fils de Thesprotos ou à Amvrakia, fille de Melaneas, roi des Driopos.</p>    </div>
</div>
<!-- /module text -->        </div>
                    <div  data-lazy="1" class="module_column tb-column col4-2 tb_b2m9452 last">
                    <!-- module image -->
<div  class="module module-image tb_adbh453 image-top   tf_mw" data-lazy="1">
        <div class="image-wrap tf_rel tf_mw">
            <img loading="lazy" decoding="async" width="1280" height="1280" src="https://amvrelia.gr/wp-content/uploads/2022/09/47bec3bb-0685-4a30-a62c-227bc3ef24f5.jpeg" class="wp-post-image wp-image-929" title="47bec3bb-0685-4a30-a62c-227bc3ef24f5" alt="47bec3bb-0685-4a30-a62c-227bc3ef24f5" srcset="https://amvrelia.gr/wp-content/uploads/2022/09/47bec3bb-0685-4a30-a62c-227bc3ef24f5.jpeg 1280w, https://amvrelia.gr/wp-content/uploads/2022/09/47bec3bb-0685-4a30-a62c-227bc3ef24f5-300x300.jpeg 300w, https://amvrelia.gr/wp-content/uploads/2022/09/47bec3bb-0685-4a30-a62c-227bc3ef24f5-1024x1024.jpeg 1024w, https://amvrelia.gr/wp-content/uploads/2022/09/47bec3bb-0685-4a30-a62c-227bc3ef24f5-150x150.jpeg 150w, https://amvrelia.gr/wp-content/uploads/2022/09/47bec3bb-0685-4a30-a62c-227bc3ef24f5-768x768.jpeg 768w" sizes="auto, (max-width: 1280px) 100vw, 1280px" />    
        </div>
    <!-- /image-wrap -->
    
        </div>
<!-- /module image -->        </div>
                        </div>
        </div>
                        <div  data-lazy="1" class="module_row themify_builder_row tb_aquf450 tf_w">
                        <div class="row_inner col_align_top tb_col_count_1 tf_box tf_rel">
                        <div  data-lazy="1" class="module_column tb-column col-full tb_8hcn453 first">
                    <!-- module image -->
<div  class="module module-image tb_q1tq454 image-top   tf_mw" data-lazy="1">
        <div class="image-wrap tf_rel tf_mw">
            <img loading="lazy" decoding="async" width="10424" height="240" src="https://amvrelia.gr/wp-content/uploads/2022/09/grammi.png" class="wp-post-image wp-image-884" title="grammi" alt="grammi" srcset="https://amvrelia.gr/wp-content/uploads/2022/09/grammi.png 10424w, https://amvrelia.gr/wp-content/uploads/2022/09/grammi-300x7.png 300w, https://amvrelia.gr/wp-content/uploads/2022/09/grammi-1024x24.png 1024w, https://amvrelia.gr/wp-content/uploads/2022/09/grammi-768x18.png 768w, https://amvrelia.gr/wp-content/uploads/2022/09/grammi-1536x35.png 1536w, https://amvrelia.gr/wp-content/uploads/2022/09/grammi-2048x47.png 2048w" sizes="auto, (max-width: 10424px) 100vw, 10424px" />    
        </div>
    <!-- /image-wrap -->
    
        </div>
<!-- /module image -->        </div>
                        </div>
        </div>
                        <div  data-css_id="h8jj450" data-lazy="1" class="module_row themify_builder_row fullwidth tb_h8jj450 tf_w">
                        <div class="row_inner col_align_top tb_col_count_1 tf_box tf_rel">
                        <div  data-lazy="1" class="module_column tb-column col-full tb_u9fe454 first">
                            </div>
                        </div>
        </div>
        </div>
<!--/themify_builder_content-->

<p>Le temps s’ écoule en lassant ses traces à son lieu. Le temps est toujours lié avec les personnes qui ont vécu dans le passé, qui y ont travaillé et qui y logent aujourd’ hui, mais qui continuent à vivre et pour ce lieu et pour labourer à l’ avenir.Le choix du nom AMVRELIA pour [&hellip;]</p>

<p>Le temps s’ écoule en lassant ses traces à son lieu. Le temps est toujours lié avec les personnes qui ont vécu dans le passé, qui y ont travaillé et qui y logent aujourd’ hui, mais qui continuent à vivre et pour ce lieu et pour labourer à l’ avenir.<br>Le choix du nom AMVRELIA pour nos produits n’ a pas lieu au hasard.<br>Issus d’ une belle ville, Arta, qui a été fondée sur l’ ancienne ville Amvrakia, nous avons decidé de baser le nom de nos produits sur une très grande parte de l’ histoire de notre patrie.<br>Amvrakia pendant l’ antiquité était une des villes les plus importantes. Elle était battue à côté de la rivière Arachthos à la même place d’ Arta. C’ était la plus importante colonie du peuple de Korinthos au Nord Ouest de la Grèce. Le nom Amvrakia est dû selon la mythologie à Amvraka, fils de Thesprotos ou à Amvrakia, fille de Melaneas, roi des Driopos.</p>
<img src="https://amvrelia.gr/wp-content/uploads/2022/09/47bec3bb-0685-4a30-a62c-227bc3ef24f5.jpeg" title="47bec3bb-0685-4a30-a62c-227bc3ef24f5" alt="47bec3bb-0685-4a30-a62c-227bc3ef24f5" srcset="https://amvrelia.gr/wp-content/uploads/2022/09/47bec3bb-0685-4a30-a62c-227bc3ef24f5.jpeg 1280w, https://amvrelia.gr/wp-content/uploads/2022/09/47bec3bb-0685-4a30-a62c-227bc3ef24f5-300x300.jpeg 300w, https://amvrelia.gr/wp-content/uploads/2022/09/47bec3bb-0685-4a30-a62c-227bc3ef24f5-1024x1024.jpeg 1024w, https://amvrelia.gr/wp-content/uploads/2022/09/47bec3bb-0685-4a30-a62c-227bc3ef24f5-150x150.jpeg 150w, https://amvrelia.gr/wp-content/uploads/2022/09/47bec3bb-0685-4a30-a62c-227bc3ef24f5-768x768.jpeg 768w" sizes="(max-width: 1280px) 100vw, 1280px" />
<img src="https://amvrelia.gr/wp-content/uploads/2022/09/grammi.png" title="grammi" alt="grammi" srcset="https://amvrelia.gr/wp-content/uploads/2022/09/grammi.png 10424w, https://amvrelia.gr/wp-content/uploads/2022/09/grammi-300x7.png 300w, https://amvrelia.gr/wp-content/uploads/2022/09/grammi-1024x24.png 1024w, https://amvrelia.gr/wp-content/uploads/2022/09/grammi-768x18.png 768w, https://amvrelia.gr/wp-content/uploads/2022/09/grammi-1536x35.png 1536w, https://amvrelia.gr/wp-content/uploads/2022/09/grammi-2048x47.png 2048w" sizes="(max-width: 10424px) 100vw, 10424px" />
